e prime factors of h.
3, 5
Let f = -65 - -70. Suppose -3*j - f*j = -176. List the prime factors of j.
2, 11
Suppose 0 = -7*v + 1528 + 411. What are the prime factors of v?
277
Suppose -61*r + 54*r + 6881 = 0. What are the prime factors of r?
983
Let a = -5 - -4. What are the prime factors of (45/6)/(((-1)/a)/2)?
3, 5
Let x(c) be the first derivative of c**6/180 + c**5/20 + c**4/8 - 2*c**3 + 5. Let g(n) be the third derivative of x(n). List the prime factors of g(-5).
23
Let u(l) = l**3 - 7*l**2 - 9*l + 10. Let w be u(8). Suppose g + 2 = 5*h, 4*g - 2*g - 4*h - w = 0. What are the prime factors of g?
3
What are the prime factors of (122/(-6))/((-8)/96)?
2, 61
Let l = 26 - 53. List the prime factors of (40/15 + 0)/((-6)/l).
2, 3
Let n(a) = -a**2 + 12*a + 12. Let m be n(13). Let i be 7/(-1*m/(-5)). Let s = 61 + i. What are the prime factors of s?
2, 13
Suppose -5*z + 0 = 4*t + 2, 0 = -4*z + 3*t + 17. Let g be ((-48)/18)/((-2)/3). Suppose -1 = -v, g*p - z*p + 5*v = 33. List the prime factors of p.
2, 7
Let s be (2 - -1) + (-4)/((-20)/(-75)). What are the prime factors of (255/(-2))/(9/s)?
2, 5, 17
Suppose 0 = 5*j - j + p + 3, -4*j + p + 3 = 0. Suppose j = -0*l - 3*l. Suppose 4 = s - l*s. List the prime factors of s.
2
Let x(q) = -q**3 + 3*q**2 + 6*q - 8. Let r be x(4). Suppose r = 2*g - 70 - 84. What are the prime factors of g?
7, 11
Suppose -g - 40 = -3*g. Suppose -5*x = g, -n = -x - 2 - 2. Suppose n = 6*c - c - 235. What are the prime factors of c?
47
Suppose -8*h + 2950 = 2*h. Let j = h + -169. What are the prime factors of j?
2, 3, 7
Suppose -1 = 3*u + 5. Let g be u/(-12) + (-119)/(-6). Let s = g + -13. What are the prime factors of s?
7
Let u be 1/4*4/(-1). Let f be (u + 0)/(15/15). Let y = 44 - f. What are the prime factors of y?
3, 5
Let v(n) be the second derivative of 3*n - 1/20*n**5 + 7/6*n**3 + 0 - 1/3*n**4 - 5/2*n**2. List the prime factors of v(-6).
5
Suppose 4141 = 15*t - 9359. List the prime factors of t.
2, 3, 5
Let o = -18 + 22. Suppose o*a = -3*r + 23, 5*r = -3*a + 5 + 15. Suppose -65 + a = -2*x. List the prime factors of x.
2, 3, 5
Let c(j) = j**3 - 8*j**2 + 2*j - 6. Let l be c(8). Let r = l - -3. Let p = 4 + r. What are the prime factors of p?
17
Let z(v) = -23*v + 84. Let o be z(4). Let x(s) = s**2 - 9*s**2 - s**3 + 16 - 6. What are the prime factors of x(o)?
2, 5
Let q(g) = g**3 + 15*g**2 + 15*g + 15. Let p be q(-14). Let a be p + 1 + 4 + -2. Suppose -a*d = 2*i - 52, -i + 59 = -2*d + 7*d. What are the prime factors of d?
11
Suppose 49*c - 4680 = 49906. What are the prime factors of c?
2, 557
Suppose 2*o + 2*b - 1048 = 166, 4*o + 5*b = 2424. List the prime factors of o.
13, 47
Let b = 6082 + -3240. What are the prime factors of b?
2, 7, 29
Let j = -18 + 20. Suppose -5*l - 2*x + 7 = -8, -5*l + j*x + 15 = 0. Suppose 15 = -l*f + 186. List the prime factors of f.
3, 19
Let n = 39 - 12. Let g = n - 13. Suppose -g - 16 = -p. What are the prime factors of p?
2, 3, 5
Let y be 15/2*(-8)/10. Let o(x) = x**3 + 6*x**2 - 4*x - 8. Let b be o(y). Suppose 19*n = b*n + 21. What are the prime factors of n?
7
Let y be 2/(-14)*-695 - 2/7. Suppose -y*g + 100*g = 203. What are the prime factors of g?
7, 29
Suppose 3*p + 5 = 2*l - 11, 28 = 4*l - 5*p. Suppose 0 = -4*y + l*k + 1344, -150 - 193 = -y - 3*k. List the prime factors of y.
337
Let r be ((-7)/9)/((-1)/3)*6. Suppose -r*v = -11*v - 747. List the prime factors of v.
3, 83
Suppose 0 = -2*b - 218 + 62. Let x = 116 + b. List the prime factors of x.
2, 19
Let t(a) = a**3 - 17*a**2 + 32*a - 57. What are the prime factors of t(17)?
487
Suppose o = -4*o + 1445. Suppose 5*l - 291 = o. List the prime factors of l.
2, 29
Let o be (-32)/12*3/(-4). Suppose 32 = o*w - 150. What are the prime factors of w?
7, 13
Let j be 3/5 - (-53)/(-5). Let k be 1/(-5) + (-502)/j. Suppose 4*m = k + 30. List the prime factors of m.
2, 5
Let t be 104 + -12 + 4 + 4. Let c = t + -62. What are the prime factors of c?
2, 19
Let k be 72/14 + 15/(-105). What are the prime factors of (-319)/k*-3 - (-3)/5?
2, 3
Suppose 4*w - 2*k + 1012 = 8710, 4*w - 7733 = -5*k. List the prime factors of w.
41, 47
Suppose 882 = 6*n - 2046. List the prime factors of n.
2, 61
Let v be ((-2 + -3)/(-5))/(2/14). Suppose -124 = 3*u - v*u. List the prime factors of u.
31
Let t(j) = 10*j - 6. Let s be t(1). Suppose s*w = -9 - 3, -3*q + 12 = -2*w. List the prime factors of q.
2
Suppose 0 = 11*d + 1549 - 5938. What are the prime factors of d?
3, 7, 19
Suppose 7*j = j + 876. List the prime factors of j.
2, 73
Let l be (25 - 0/1)*(-7 - -2). List the prime factors of (l/(-3) - 4)*6.
2, 113
Suppose -6 = -10*u + 8*u. Suppose u*r - 2*r - 5 = 0. Suppose r*k + l = 275, k + 55 = 2*k - 3*l. What are the prime factors of k?
5, 11
Let q = -4 + 3. List the prime factors of (-37)/q - (-8)/4.
3, 13
Suppose 2*l - 4*l + 3*g = -3148, -4*g = -l + 1579. What are the prime factors of l?
1571
Let f = -54 + -37. Let i = 256 + f. What are the prime factors of i?
3, 5, 11
Let y(j) = -j + 2. Let n be y(0). Suppose 0 = -n*c + 5*b + 29, -4*c + 2*b + b + 37 = 0. Suppose -5*w + c = -3. What are the prime factors of w?
2
Suppose -252 = -2*g - 2*g. Let w be (2/3)/((-6)/g). Let h = 11 + w. What are the prime factors of h?
2
Let k = 708 - 1400. Let p = -395 - k. What are the prime factors of p?
3, 11
What are the prime factors of (-21)/(-210) - (-77097)/30?
2, 5, 257
Let t(i) = -241*i - 8. List the prime factors of t(-4).
2, 239
Suppose -c - 3 = -0. Let m = -7 - c. Let i(x) = -2*x**3 - 7*x**2 - 5*x + 2. What are the prime factors of i(m)?
2, 19
Let i be 72/4 + 0 + 2. Suppose -8*v + 3*v - i = 0. What are the prime factors of 16 - 3/6*v?
2, 3
Let l be ((-12)/8)/((-1)/58). Suppose 0*a - l = -a. List the prime factors of a.
3, 29
Let r(y) = 3*y**3 + 23*y**2 - 10*y + 3. Let t(f) = -f**3 - f**2 - f + 1. Let u(a) = r(a) + 4*t(a). List the prime factors of u(18).
79
Let z(o) = 4*o + 4. Let n be z(3). Suppose 2*l = 5*y - n, 2*l - 7*l = 3*y + 9. Suppose y*m + 18 = 2*g, -2*g + 4*m + 5 + 11 = 0. List the prime factors of g.
2, 5
Suppose 2*a + 3*a + 0*a = 0. List the prime factors of 5/5 + (92/2 - a).
47
Suppose -5*x - 84 = -x. Let n(k) = 5*k + 85. Let p be n(-7). Let l = x + p. What are the prime factors of l?
29
Suppose -1984 = -5*s - 169. What are the prime factors of s?
3, 11
Suppose -410 + 7609 = 5*q + 4*a, -3*q + 4320 = 3*a. What are the prime factors of q?
1439
Let h(t) = -133*t - 2. Let d(w) = -2*w**3 + 16*w**2 + w - 9. Let q be d(8). What are the prime factors of h(q)?
131
Let g(y) = 3*y**2 + 2*y + 5. Let f be 6*((-6)/54)/(2/(-12)). What are the prime factors of g(f)?
61
Let r = 164 - 99. Suppose 5*n - 314 = -4*m, -n + 4*m + r = -17. List the prime factors of n.
2, 3, 11
Suppose 0 = -2*o + 1 + 27. Suppose 2*g = -3*y + 53, -2*y - 4 + o = 0. Let t = g + -9. List the prime factors of t.
2, 5
Let q = -11 + -37. Let b be ((-126)/12)/((-9)/q). What are the prime factors of (-7)/(2*4/b)?
7
Let h = 115 + -112. Suppose 103 = 4*u + 5*l, 5*u + 50 = h*l + 188. What are the prime factors of u?
3
Suppose 6 = 2*z, -5*z = -3*w + 881 + 481. What are the prime factors of w?
3, 17
What are the prime factors of (2/4)/(5/1830)?
3, 61
Let a(g) = -g**2 + 17*g - 30. Let d be a(15). Suppose 0 = -l - d*l + 196. What are the prime factors of l?
2, 7
Let d(v) = -2*v + 8 + 0*v**2 + v + 4*v + v**2. Suppose 4 = -2*l + 3*z, 2*l - 20 = 4*l + 5*z. List the prime factors of d(l).
2, 3
Suppose -5875 = -8*f + 3245. List the prime factors of f.
2, 3, 5, 19
Let i = 377 - 687. Suppose -g - 5*f = 11, g - 2*f = 2*f + 16. List the prime factors of i/(-8) - g/(-16).
3, 13
Let k = 5 - 13. Let b = k - -6. What are the prime factors of 4/b*84/(-8)?
3, 7
Let s = 650 + -262. List the prime factors of s.
2, 97
Suppose 2*p = -z - 23, -p + 2*z + 6 - 15 = 0. Let m = p - -6. List the prime factors of 25/m*(-2 - -1).
5
Let b(k) = -k**2 + 25*k + 17. Suppose -49 + 175 = 6*j. List the prime factors of b(j).
101
Suppose -15860 = -4*y - 5*m, 2*y - 6*y + m + 15884 = 0. What are the prime factors of y?
2, 5, 397
Let w(c) = 5*c - 8. Let v be w(-7). Let s = 93 + v. List the prime factors of s.
2, 5
Let z(o) = -2*o + 40. Let w be z(19). Suppose 0 = -w*h - 7*h + 432. What are the prime factors of h?
2, 3
Let u be (-36)/20*-118 + 4/(-10). Suppose -14*i + u =